 (-57 - 9)).
36
(-17 - 19 - -16 - (-2 + -5)) + 4
-9
Calculate 286 + -245 - (47 - 2).
-4
Calculate (-514 - -482 - (0 + -10)) + 97.
75
Calculate 29 + 1 - (-3079 + 3115).
-6
Evaluate (-321 - -271) + (52 - -3).
5
Evaluate -97 + (-3 + (-18 - -5) - (-211 - -182)).
-84
What is the value of -55 - (24 + -83 - -28)?
-24
What is the value of -4 + 0 - (-23 + 0 + 422 + -410)?
7
11 - (-25 - 6 - -15 - -22)
5
What is 2 + -101 + (3816 - 3720)?
-3
Calculate -115 - (7 + -134) - (-2 + -3).
17
-70 + 88 - (5 + 20) - (-9 - 1) - -26
29
What is 20 - 10 - 5 - 4 - (-38 - -69)?
-30
Calculate -11 - -2 - (0 - (-6 - -2)) - 56.
-69
What is 178 + (50 - (64 - -48))?
116
What is (0 - -10) + (12 - ((13 - 3) + 4)) + -1?
7
Calculate -2 - (27 + -34) - (30 + -20).
-5
Evaluate (-35 - -37 - (-11 + -5 + 10)) + 2 + -103.
-93
What is the value of -11 + -48 + 118 + -21?
38
139 - (5 - 9) - (-753 + 767)
129
What is the value of (1 + -1 + -2 - 3) + (-145 - (-120 - 32))?
2
Calculate (-34 + 120 - 49) + -72.
-35
Calculate 9301 + -9218 - (1 - (-5 + 0)).
77
(-24 - -29 - 22) + 25
8
Evaluate -1 + 3 - (2 + 32) - (-121 + 235 + -121).
-25
Evaluate 85 + 1 - (7490 + -7428).
24
What is (24 - ((6 - 23) + (21 - -3))) + -75?
-58
Calculate (-47 - 14) + 43 - (-62 - 7).
51
Evaluate (-69 - -111) + (-42 - -27).
27
What is the value of (-106 - -159) + -27 + 100?
126
59 - (-8 - -17) - 41
9
What is the value of -21 + 30 + -10 + 31 + -2?
28
Calculate 28 + -20 + 19 + (12 + -22 - -4).
21
What is -119 - 0 - (-5 + 11 - (10 + 10 + -12))?
-117
Evaluate 27 + -20 + 46 + -30.
23
What is (-1 - (-3 - -3) - 3) + (1678 - 1717)?
-43
What is 0 - (-3 + 14) - (501 + -518) - 39?
-33
-6 + -4 + -30 + (-12 - (0 + -8 - -4))
-48
-18 - ((2 - -51) + (1952 - 1914))
-109
What is 94 - 44 - 38 - (-3 - (-55 + -3))?
-43
Evaluate -60 + (9 + 3 + -2 - (-3 + (-4 - -10))).
-53
What is -7 + (-7 + -13 - -12) + 12 - -95 - 9?
83
What is -264 + 355 - (-18 + 38)?
71
Calculate -10 - (27 + -27 + -26 - -70).
-54
Calculate 34 + 4 - (-292 + 289).
41
(-30 - 33 - -24) + (0 - 2) + -12
-53
(-39 - (-6 - 48)) + (6 - 3)
18
What is 55 - (-15 + -3 + (-16 + 3 + 2 - -20))?
64
Evaluate 7 + 10 + 8 + (15 - 29).
11
(-4 - -2) + 0 - (46 + -32 - 2)
-14
2 + 0 - (-25 - (38 + -50 + 1))
16
164 + (-221 - (-52 - 50))
45
What is (-630 - -663) + ((-5 - 5) + 5 - (0 - -3))?
25
What is the value of (-11 - (-6 + 12)) + (-48 - -62) + (15 - -3)?
15
Calculate 32 + (79 - 128 - -96).
79
Calculate 4 + 25 + 4 - (-15 + (17 - 0)).
31
Evaluate 10 + -13 + 29 + (-120 - -14).
-80
32 + -33 + (1 + 0 - 2) - (-12 + 21)
-11
Calculate (96 - -28) + -4 + (-16 - 1).
103
Calculate (13 + 3 - (391 - 429)) + -19.
35
Calculate -138 + 121 + -4 + (6 - -30).
15
Evaluate 36 + 0 + -199 + 151 - (19 - -4).
-35
Evaluate -139 - (22 + 8 + (-5 - 48)).
-116
What is the value of (-6286 - -6285) + (0 - (65 + -2 - -2))?
-66
(6 - 2) + 18 + (12 - 37) - 35 - 6
-44
What is 22 + -113 + -1 + 0 - (-6 + (13 - -6))?
-105
What is the value of (-1 + 6 - 24) + (26 - (-39 + -30))?
76
Evaluate 26 - 1 - -2 - (56 - (79 - 25) - 16).
41
57 + -53 - (-1 - (8 + -21))
-8
Evaluate -1822 + 1871 + (-5 - 3).
41
What is (11 - (-10 + (10 - (4 + -6)))) + 3?
12
What is the value of 3419 - 3383 - (34 - 1) - (-1 + -12 + 1)?
15
Evaluate (-84 - -85) + (-2 - 0) + 41.
40
11 - (9 + 103 - (15 + -7))
-93
What is -11 + 2 + 17 - (-27 - -48)?
-13
Evaluate (-7 - 2 - -4 - (7 + 4)) + (1235 - 1249).
-30
What is the value of -43 + 31 - (49 + -4) - (4 - 11)?
-50
What is the value of -5 + (-70 - (-16 + -13 + -2))?
-44
Calculate -7 + 17 + -21 - (-11 - -18 - 2).
-16
(-2 - (8 + -22 - -23) - -115) + 5
109
What is -1 + 2 + 4 + 91 + -101?
-5
What is (81 - (-6 - -1 - -2)) + 19 + -14 + -6?
83
(-12 - -11) + 0 + -10 + 10 + 12
11
144 + -183 - (0 - 77)
38
Calculate (-140 + 35 - ((-2 - 1) + 2)) + 6 + 4.
-94
-16 - ((-10 - -18) + -11) - 1
-14
What is 0 + 33 + (-30 + 13 - (-24 - -2))?
38
4 + (56 - (3 - (-3 + -5 + 3 + 3)))
55
Calculate 38 - ((54 - 14) + 11).
-13
-9 + -89 - (60 - 187)
29
Calculate -9210 + 9256 - (127 - 1).
-80
-2 + (-1 - 15) + 9 + -20
-29
Calculate (-14 + -3 - (-41 + 45)) + 17.
-4
What is -3 - -8 - (14 + 1 + -10 + 31)?
-31
Calculate (-6 - (36 - 32)) + -10.
-20
What is (1 - (-11 - (-13 + 16 + 8))) + -1?
22
What is (50 - 0) + (226 - 262) + -100?
-86
8 + (16 - 31) + (60 - -7)
60
Evaluate 9 - (-59 + 43) - 8.
17
What is 532 + -607 - (4 - 109)?
30
Calculate -7 + -71 + (-57 - -143).
8
Calculate 35 + 3 + (87 - 88) + 3 + 1 - 5.
36
What is the value of -4 + (3 + 8 + -3 - (61 - 15)) - 5?
-47
Evaluate 41 + (32 - (55 - 6)).
24
What is 518 + -502 + 3 + 3?
22
What is the value of -2 + 10 + (-2 - 12) + 25 + -44?
-25
Evaluate -48 + (15 - 50) + 32 + 45.
-6
What is the value of -144 - ((-43 + -13 + 22 - 6) + 18)?
-122
Calculate (-3 - 4 - ((12 - -32) + -115)) + -18.
46
What is -1 + 3 - (3 - (42 + -32))?
9
Calculate (21 - (-18 + -4 + 43)) + 16.
16
What is (1 - -40) + (-872 - -874) + 6?
49
What is 1 - (((1 - 2) + -8 - (18 - -15)) + 10)?
33
What is the value of -2 + (-5 - -2) + (-1 - 6 - 132 - 0)?
-144
Calculate -55 + 37 + 25 - ((-2 - 6) + (-3 - -2)).
16
What is the value of 54 + (-54 - (-80 - -132))?
-52
What is the value of (-7 + 19 + -54 - -19) + -7?
-30
What is 108 + -43 + 96 + -111?
50
-22 + 44 + -161 + (0 - -1) + -11
-149
Calculate 0 + 7 + 2 + -17 + (-215 - -210).
-13
Evaluate -27 + (29 - 4) + 7 + 10.
15
Calculate (106 + -102 - (1 + -5 - -20)) + (1 - -45).
34
604 + -647 - (-8 + -68)
33
Evaluate -46 + -33 + -25 + 93.
-11
What is the value of (77 - -45) + -190 + 142?
74
What is (5 - -16) + (-105 - -82) + -40?
-42
What is (0 + 0 - -1) + (-14 - -213) + -152?
48
What is the value of 119 + (-56 - -151) + -217?
-3
What is the value of -6 - (-23 + (-1 + 3 - (-63 - -86)))?
38
Calculate 97 + 20 + -10 + -27 + -11 + -4.
65
What is the value of 37 + -51 - (-1 + 115 + 6 + -1 + 2)?
-135
Evaluate 4 + -1 + -34 + (-6 - -1 - -6) + -5.
-35
Evaluate -203 + 259 - (-10 - -14).
52
What is the value of (-7 - (-11 - 68)) + (-9 - (-9 + (1 - -7)))?
64
36 + (-41 - -7 - -39)
41
What is the value of 20 - (67 + -105 + 26)?
32
What is the value of 96 + -58 - 54 - -47?
31
What is the value of 3 + -2 - -11 - ((28 - 33) + 14)?
3
What is the value of -5 - ((8 - 1) + (26 + -54 - -21))?
-5
-29 - (-52 - -38) - (1 + -3) - -37
24
What is the value of 134 - (111 - -37) - (-2 + 0 + -56)?
44
What is (48 - 1) + (5066 - 5140)?
-27
What is the value of (8 - 1) + 12 + (1 - 7 - 1)?
12
Evaluate (-4 + 0 - (-3 + 7)) + 1472 + -1467.
-3
Evaluate -21 + 0 + (-65 - 22) - (19 + 6).
-133
What is 18 + -33 + (10 - 43) + 7?
-41
What is 86 + 1 - ((46 - 37) + -60 - -43)?
95
What is 0 + 8 - (2585 - 2546 - (1 - -33))?
3
Calculate -18 + (-10 + 17 - -50).
39
What is 0 - 7 - ((16 - 24) + 17 - -19)?
-35
Calculate -8 + 1 - (3 - 3 - (-122 - -52 - -60)).
-17
Evaluate (-14676 - -14606) + (2 - (2 + -25)).
-45
What is -35 + (-8 - (-21 - (-10 + 7)) - 8)?
-33
Evaluate (-18 - -7) + 3 - (442 - 466).
16
Evaluate -31 - (-21 - (13 + -21 + 7)).
-11
What is the value of 69 - (-89 - (-16 - 234))?
-92
-5 - -35 - (-136 + 157) - 32
-23
(-132 + 75 - -76) + (50 - 18)
51
What is -13 + 3 + -1 + (-92 + 154 - 78)?
-27
What is (1 - -2) + (8 - 14) - 13 - (-6 - -13)?
-23
What is (38 - (-2 - -77)) + 21?
-16
-83 - (-29 - -13) - -49
-18
Evaluate -51 - (-12 - (14 - 23 - -9)).
-39
(1 - (-28 - 1)) + (38 - (30 - 6))
44
What is the value of 107 - 37 - (208 - 128)?
-10
What is the value of 2216 + -2281 - (-33 - 0)?
-32
What is -8 + 106 + (-34 + 13 - -8)?
85
Calculate 17 - (4 + 8 + -3 - (-46 - -71)).
33
Calculate (1 - -163 - (89 + -158 + 86)) + -22.
125
Calculate -3 + (-2 - -2) + -217 + 264.
44
((-19 - -9) + 9 - 1) + 59 + -58
-1
Calculate -23 - (2 + -2) - (1158 + -1161).
-20
What is 38 + 22 + (10 - 33)?
37
What is the value of 10 + (217 + -263 - (-22 + -1)) + (71 - 1)?
57
-5 - -127 - (156 + -41 + -114)
121
What is the value of 4 + (-11 - -3) + 58 + 10 + (-7 - 0)?
57
Calculate (-14 - 39) + 11 + -3 + 7 + -5.
-43
22 - (-26 - -44) - 10 - (-1 - -12)
-17
Evaluate (-1 + 3 - (-2 + 7 + -444 + 437)) + 21.
25
20 + -15 - (-31 + 10 - -69)
-43
Evaluate -227 + 224 + -116 + 19 + 2.
-98
Evaluate -16 + 7 - ((-37 - -9 - 11) + 7 + 1).
22
What is the value of 58 + -43 + 9 + -16 + -52?
-44
What is 81 - (-21 - -16) - (11 - ((-13 - 0) + 23))?
85
Evaluate -24 + -2 - (493 - 460).
-59
Evaluate 11 - (104 + -16 + 1 + -13 - 4).
-